{"id":476,"date":"2019-01-15T08:52:50","date_gmt":"2019-01-15T13:52:50","guid":{"rendered":"http:\/\/casgroups.case.edu\/cwruecs\/?page_id=476"},"modified":"2019-01-15T08:52:50","modified_gmt":"2019-01-15T13:52:50","slug":"events-prof-genevieve-sauve-december-6th-2018","status":"publish","type":"page","link":"https:\/\/casgroups.case.edu\/cwruecs\/events-prof-genevieve-sauve-december-6th-2018\/","title":{"rendered":"Events: Prof. Genevi\u00e8ve Sauv\u00e9 December 6th 2018"},"content":{"rendered":"<p>Prof. Genevi\u00e8ve Sauv\u00e9 from the Department of Chemistry at Case Western Reserve University presented &#8220;Plastic solar cells for a greener future&#8221; at our last event of the 2018 fall semester.<\/p>\n<div id=\"attachment_481\" style=\"width: 610px\" class=\"wp-caption alignnone\"><img aria-describedby=\"caption-attachment-481\" loading=\"lazy\" class=\"wp-image-481 size-medium\" src=\"https:\/\/artscimedia.case.edu\/wp-content\/uploads\/sites\/212\/2019\/01\/15084832\/20181206_174908-600x292.jpg\" alt=\"\" width=\"600\" height=\"292\" srcset=\"https:\/\/artscimedia.case.edu\/wp-content\/uploads\/sites\/212\/2019\/01\/15084832\/20181206_174908-600x292.jpg 600w, https:\/\/artscimedia.case.edu\/wp-content\/uploads\/sites\/212\/2019\/01\/15084832\/20181206_174908-768x373.jpg 768w, https:\/\/artscimedia.case.edu\/wp-content\/uploads\/sites\/212\/2019\/01\/15084832\/20181206_174908-1024x498.jpg 1024w, https:\/\/artscimedia.case.edu\/wp-content\/uploads\/sites\/212\/2019\/01\/15084832\/20181206_174908-500x243.jpg 500w\" sizes=\"(max-width: 600px) 100vw, 600px\" \/><p id=\"caption-attachment-481\" class=\"wp-caption-text\">Before getting into the details, Prof Sauv\u00e9 first reminded us why we must be forward thinking.<\/p><\/div>\n<p><img loading=\"lazy\" class=\"alignnone size-medium wp-image-482\" src=\"https:\/\/artscimedia.case.edu\/wp-content\/uploads\/sites\/212\/2019\/01\/15084837\/20181206_170432-600x292.jpg\" alt=\"\" width=\"600\" height=\"292\" srcset=\"https:\/\/artscimedia.case.edu\/wp-content\/uploads\/sites\/212\/2019\/01\/15084837\/20181206_170432-600x292.jpg 600w, https:\/\/artscimedia.case.edu\/wp-content\/uploads\/sites\/212\/2019\/01\/15084837\/20181206_170432-768x373.jpg 768w, https:\/\/artscimedia.case.edu\/wp-content\/uploads\/sites\/212\/2019\/01\/15084837\/20181206_170432-1024x498.jpg 1024w, https:\/\/artscimedia.case.edu\/wp-content\/uploads\/sites\/212\/2019\/01\/15084837\/20181206_170432-500x243.jpg 500w\" sizes=\"(max-width: 600px) 100vw, 600px\" \/><\/p>\n<div id=\"attachment_480\" style=\"width: 610px\" class=\"wp-caption alignnone\"><img aria-describedby=\"caption-attachment-480\" loading=\"lazy\" class=\"wp-image-480 size-medium\" src=\"https:\/\/artscimedia.case.edu\/wp-content\/uploads\/sites\/212\/2019\/01\/15084829\/20181206_182920-600x292.jpg\" alt=\"\" width=\"600\" height=\"292\" srcset=\"https:\/\/artscimedia.case.edu\/wp-content\/uploads\/sites\/212\/2019\/01\/15084829\/20181206_182920-600x292.jpg 600w, https:\/\/artscimedia.case.edu\/wp-content\/uploads\/sites\/212\/2019\/01\/15084829\/20181206_182920-768x373.jpg 768w, https:\/\/artscimedia.case.edu\/wp-content\/uploads\/sites\/212\/2019\/01\/15084829\/20181206_182920-1024x498.jpg 1024w, https:\/\/artscimedia.case.edu\/wp-content\/uploads\/sites\/212\/2019\/01\/15084829\/20181206_182920-500x243.jpg 500w\" sizes=\"(max-width: 600px) 100vw, 600px\" \/><p id=\"caption-attachment-480\" class=\"wp-caption-text\">A social event was held after the seminar at the Jolly Scholar.<\/p><\/div>\n","protected":false},"excerpt":{"rendered":"<p>Prof. Genevi\u00e8ve Sauv\u00e9 from the Department of Chemistry at Case Western Reserve University presented &#8220;Plastic solar cells for a greener future&#8221; at our last event of the 2018 fall semester.<\/p>\n<p><a href=\"https:\/\/casgroups.case.edu\/cwruecs\/events-prof-genevieve-sauve-december-6th-2018\/\" class=\"more-link\">Continue reading&#8230; <span class=\"screen-reader-text\">Events: Prof. Genevi\u00e8ve Sauv\u00e9 December 6th 2018<\/span><\/a><\/p>\n","protected":false},"author":333,"featured_media":0,"parent":0,"menu_order":0,"comment_status":"closed","ping_status":"closed","template":"","meta":{"spay_email":""},"_links":{"self":[{"href":"https:\/\/casgroups.case.edu\/cwruecs\/wp-json\/wp\/v2\/pages\/476"}],"collection":[{"href":"https:\/\/casgroups.case.edu\/cwruecs\/wp-json\/wp\/v2\/pages"}],"about":[{"href":"https:\/\/casgroups.case.edu\/cwruecs\/wp-json\/wp\/v2\/types\/page"}],"author":[{"embeddable":true,"href":"https:\/\/casgroups.case.edu\/cwruecs\/wp-json\/wp\/v2\/users\/333"}],"replies":[{"embeddable":true,"href":"https:\/\/casgroups.case.edu\/cwruecs\/wp-json\/wp\/v2\/comments?post=476"}],"version-history":[{"count":5,"href":"https:\/\/casgroups.case.edu\/cwruecs\/wp-json\/wp\/v2\/pages\/476\/revisions"}],"predecessor-version":[{"id":484,"href":"https:\/\/casgroups.case.edu\/cwruecs\/wp-json\/wp\/v2\/pages\/476\/revisions\/484"}],"wp:attachment":[{"href":"https:\/\/casgroups.case.edu\/cwruecs\/wp-json\/wp\/v2\/media?parent=476"}],"curies":[{"name":"wp","href":"https:\/\/api.w.org\/{rel}","templated":true}]}}